ctors of 4027233969.
3, 11, 61, 666871
List the prime factors of 91943591.
1579, 58229
What are the prime factors of 48240590?
2, 5, 73, 66083
What are the prime factors of 270420804?
2, 3, 89, 84401
What are the prime factors of 1977160508?
2, 494290127
List the prime factors of 518984902.
2, 259492451
List the prime factors of 283555919.
131, 733, 2953
List the prime factors of 3837061837.
7, 19, 79, 107, 3413
List the prime factors of 5995034.
2, 797, 3761
List the prime factors of 111103667.
59, 1883113
What are the prime factors of 306730555?
5, 37, 463, 3581
List the prime factors of 169932704.
2, 509, 10433
What are the prime factors of 868137030?
2, 3, 5, 233, 41399
List the prime factors of 1442408339.
2311, 624149
List the prime factors of 2149607357.
59, 36434023
List the prime factors of 2013849237.
3, 467, 541, 2657
List the prime factors of 670459548.
2, 3, 11, 103, 4483
What are the prime factors of 76069900?
2, 5, 17, 29, 1543
What are the prime factors of 2444704877?
14753, 165709
What are the prime factors of 1078774616?
2, 41, 3288947
What are the prime factors of 8573913959?
13, 107, 6163849
What are the prime factors of 184323448?
2, 23040431
List the prime factors of 2782589523.
3, 7, 1787, 74149
List the prime factors of 380650453.
401, 949253
List the prime factors of 5134787996.
2, 13, 23, 1579, 2719
What are the prime factors of 7464066903?
3, 17, 53, 920467
What are the prime factors of 11934201?
3, 97, 41011
List the prime factors of 313785482.
2, 59, 1567, 1697
What are the prime factors of 37587385?
5, 11, 683407
What are the prime factors of 462509626?
2, 231254813
What are the prime factors of 563089964?
2, 140772491
List the prime factors of 199194580.
2, 5, 13, 197, 3889
What are the prime factors of 2443820?
2, 5, 71, 1721
What are the prime factors of 415090493?
415090493
List the prime factors of 87214104.
2, 3, 19, 79, 269
List the prime factors of 429879074.
2, 59, 3643043
What are the prime factors of 6857388?
2, 3, 239, 797
List the prime factors of 1730489771.
19, 1871, 48679
What are the prime factors of 9564483?
3, 3188161
List the prime factors of 5307908882.
2, 3613, 734557
What are the prime factors of 428147798?
2, 13, 16467223
List the prime factors of 2271523489.
47, 5849, 8263
List the prime factors of 251045844.
2, 3, 7, 241, 12401
What are the prime factors of 903907882?
2, 61, 191, 38791
What are the prime factors of 44027767?
7, 47, 163, 821
What are the prime factors of 2006395481?
389, 5157829
List the prime factors of 3493162032.
2, 3, 72774209
What are the prime factors of 994823544?
2, 3, 11, 13, 17, 59
What are the prime factors of 63698971?
7, 1299979
What are the prime factors of 984657621?
3, 328219207
What are the prime factors of 220464985?
5, 13, 3391769
List the prime factors of 4854272.
2, 19, 499
What are the prime factors of 43256827?
43256827
What are the prime factors of 104392165?
5, 20878433
What are the prime factors of 90093506?
2, 17, 601, 4409
What are the prime factors of 67850803?
67850803
List the prime factors of 287097879.
3, 95699293
What are the prime factors of 34270831?
7, 211, 23203
List the prime factors of 393675868.
2, 17, 233, 24847
List the prime factors of 613200353.
17, 36070609
List the prime factors of 25527994.
2, 41, 419, 743
List the prime factors of 204248546.
2, 139, 734707
List the prime factors of 26336522.
2, 13168261
List the prime factors of 27094518.
2, 3, 11, 136841
What are the prime factors of 57256206?
2, 3, 7, 194749
List the prime factors of 1234803046.
2, 19, 32494817
List the prime factors of 42742035.
3, 5, 7, 47, 2887
List the prime factors of 2137019624.
2, 3089, 86477
List the prime factors of 77271244.
2, 37, 53, 9851
List the prime factors of 16635554.
2, 13, 17, 61, 617
List the prime factors of 451472233.
389, 1160597
List the prime factors of 482130970.
2, 5, 48213097
List the prime factors of 2441634394.
2, 4943, 246979
List the prime factors of 501063767.
501063767
What are the prime factors of 1363522443?
3, 454507481
List the prime factors of 45163469.
13, 29, 119797
List the prime factors of 87189196.
2, 29, 751631
What are the prime factors of 4196254809?
3, 1398751603
List the prime factors of 1368084284.
2, 7, 19, 433, 5939
What are the prime factors of 38005776?
2, 3, 19, 29, 479
List the prime factors of 23320685.
5, 17, 274361
List the prime factors of 651447678.
2, 3, 7, 37, 43, 9749
List the prime factors of 294641617.
83, 1741, 2039
What are the prime factors of 96758003?
313, 309131
What are the prime factors of 2618766616?
2, 89, 3678043
What are the prime factors of 7775561?
43, 211, 857
What are the prime factors of 189434892?
2, 3, 15786241
What are the prime factors of 589784855?
5, 11, 113, 8627
List the prime factors of 234376235.
5, 46875247
What are the prime factors of 87170711?
87170711
List the prime factors of 154048111.
7, 41, 76679
List the prime factors of 436357606.
2, 29, 79, 95233
What are the prime factors of 40072988?
2, 10018247
What are the prime factors of 732834487?
7, 11, 17, 23, 101, 241
What are the prime factors of 512105259?
3, 170701753
What are the prime factors of 1621919453?
7, 11, 29, 9433
List the prime factors of 441981363.
3, 19, 23, 53, 6361
List the prime factors of 70063773.
3, 13, 19, 23, 4111
List the prime factors of 30443439.
3, 13, 780601
What are the prime factors of 53870768?
2, 7, 480989
What are the prime factors of 194031091?
103, 173, 10889
List the prime factors of 2683036588.
2, 19, 443, 79691
List the prime factors of 81553630.
2, 5, 23, 354581
List the prime factors of 938851390.
2, 5, 93885139
What are the prime factors of 211249811?
211249811
List the prime factors of 25795309.
25795309
What are the prime factors of 330170875?
5, 2641367
What are the prime factors of 81743310?
2, 3, 5, 11, 17, 1619
What are the prime factors of 802849931?
13, 127, 486281
What are the prime factors of 119186956?
2, 7, 233, 18269
List the prime factors of 286018125.
3, 5, 103, 1481
List the prime factors of 2919853910.
2, 5, 23, 12695017
List the prime factors of 53610645.
3, 5, 11, 59, 5507
List the prime factors of 50790023.
50790023
What are the prime factors of 56957990?
2, 5, 17, 335047
What are the prime factors of 117478923?
3, 39159641
List the prime factors of 395977952.
2, 1583, 7817
What are the prime factors of 20809072?
2, 53, 463
What are the prime factors of 8393979?
3, 11, 113, 2251
List the prime factors of 4861092025.
5, 3631, 53551
What are the prime factors of 42965040?
2, 3, 5, 179021
List the prime factors of 211831155.
3, 5, 4707359
List the prime factors of 7904665.
5, 19, 83207
List the prime factors of 698600240.
2, 5, 13, 71, 9461
List the prime factors of 269642493.
3, 29, 344371
What are the prime factors of 983230042?
2, 491615021
What are the prime factors of 171249505?
5, 7, 37, 223, 593
What are the prime factors of 27936529?
27936529
What are the prime factors of 50867828?
2, 11, 1156087
What are the prime factors of 3575019665?
5, 7, 31, 383, 1229
What are the prime factors of 277438998?
2, 3, 29, 1594477
List the prime factors of 3226418841.
3, 101, 10648247
List the prime factors of 284733720.
2, 3, 5, 790927
List the prime factors of 395842397.
23, 2243, 7673
List the prime factors of 265711958.
2, 8423, 15773
List the prime factors of 955071841.
19, 2411, 20849
What are the prime factors of 48553917?
3, 29, 558091
List the prime factors of 170097902.
2, 13, 79, 82813
List the prime factors of 72619970.
2, 5, 23, 315739
What are the prime factors of 72249734?
2, 1301, 27767
List the prime factors of 363743429.
7, 19, 31, 88223
List the prime factors of 600374040.
2, 3, 5, 7, 17, 42043
List the prime factors of 73842925.
5, 13, 59, 3851
List the prime factors of 26880988.
2, 167, 40241
List the prime factors of 2419202946.
2, 3, 197, 2046703
List the prime factors of 256373972.
2, 61, 1050713
What are the prime factors of 227866855?
5, 45573371
What are the prime factors of 2304646750?
2, 5, 7, 37, 35593
What are the prime factors of 401010193?
7877, 50909
What are the prime factors of 3275653482?
2, 3, 11923, 15263
List the prime factors of 2132900978.
2, 13, 107, 766679
List the prime factors of 74162334.
2, 3, 47, 409, 643